{"id":3699,"date":"2019-06-02T12:37:18","date_gmt":"2019-06-02T17:37:18","guid":{"rendered":"http:\/\/www.residentesedenpanama.org\/?page_id=3699"},"modified":"2019-06-02T12:54:43","modified_gmt":"2019-06-02T17:54:43","slug":"aspectos-importantes-de-la-legislacion-jdl","status":"publish","type":"page","link":"https:\/\/www.residentesedenpanama.org\/index.php\/aspectos-importantes-de-la-legislacion-jdl\/","title":{"rendered":"Aspectos importantes de la legislaci\u00f3n"},"content":{"rendered":"<p>A continuaci\u00f3n se describen algunos puntos importantes de las Juntas de Desarrollo Local, estipulados en la ley:<\/p>\n<ol>\n<li>Se deben establecer de manera obligatoria en la comunidad.<\/li>\n<li>Tienen la finalidad de representar a la comunidad ante las autoridades de corregimiento y municipales.<\/li>\n<li>Las Juntas de Desarrollo Local, funcionaran por medio de un reglamento interno.<\/li>\n<li>La Juntas de Desarrollo Local ser\u00e1 electa por un periodo de dos a\u00f1os y medio, sin derecho a reelecci\u00f3n.<\/li>\n<li>Estar\u00e1 compuesta por once miembros un presidente, un vicepresidente, un secretario, un subsecretario, un tesorero, un subtesorero, un fiscal, un vocal, un representante de una organizaci\u00f3n comunitaria de temas ambientales, un representante de una organizaci\u00f3n de personas y\/o en condiciones de discapacidad y un representante de la red comunitaria o cualquier otra organizaci\u00f3n comunitaria que se dedique al ordenamiento territorial.<\/li>\n<li>Estas se reunir\u00e1n por derecho propio, por lo menos una vez al mes, con la participaci\u00f3n del Representante de Corregimiento o quien \u00e9l designe.<\/li>\n<li>Deber\u00e1 por lo menos realizar dos veces al a\u00f1o, asambleas de vecinos para coordinar y aprobar sus planes de trabajo.<\/li>\n<li>Contribuir en la organizaci\u00f3n de los vecinos a trav\u00e9s del asociativismo, cooperativismo y otras formas de organizaci\u00f3n.<\/li>\n<li>La Junta Comunal llevar\u00e1 el registro de la Directiva de las Juntas de Desarrollo Local y expedir\u00e1 resoluci\u00f3n de dicho registro. Tambi\u00e9n llevar\u00e1 el registro del Reglamento Interno de la Junta de Desarrollo Local y sus modificaciones.<\/li>\n<li>La \u00faltima modificaci\u00f3n, enfatiza la participaci\u00f3n ciudadana establecida en la Constituci\u00f3n y la misma se regir\u00e1 bajo los principios generales de celeridad, corresponsabilidad, deliberaci\u00f3n p\u00fablica, legalidad, legitimidad, igualdad, respeto, transparencia y acceso a la informaci\u00f3n entre otros principios establecidas en la ley.<\/li>\n<li>La Junta de Desarrollo Local y las comisiones organizadas por las Juntas Comunales no tendr\u00e1n personalidad jur\u00eddica.<\/li>\n<\/ol>\n","protected":false},"excerpt":{"rendered":"<p>A continuaci\u00f3n se describen algunos puntos importantes de las Juntas de Desarrollo Local, estipulados en la ley: Se deben establecer de manera obligatoria en la comunidad. Tienen la finalidad de representar a la comunidad ante las autoridades de corregimiento y municipales. Las Juntas de Desarrollo Local, funcionaran por medio de un reglamento interno. La Juntas [&hellip;]<\/p>\n","protected":false},"author":2,"featured_media":0,"parent":0,"menu_order":0,"comment_status":"closed","ping_status":"closed","template":"","meta":[],"_links":{"self":[{"href":"https:\/\/www.residentesedenpanama.org\/index.php\/wp-json\/wp\/v2\/pages\/3699"}],"collection":[{"href":"https:\/\/www.residentesedenpanama.org\/index.php\/wp-json\/wp\/v2\/pages"}],"about":[{"href":"https:\/\/www.residentesedenpanama.org\/index.php\/wp-json\/wp\/v2\/types\/page"}],"author":[{"embeddable":true,"href":"https:\/\/www.residentesedenpanama.org\/index.php\/wp-json\/wp\/v2\/users\/2"}],"replies":[{"embeddable":true,"href":"https:\/\/www.residentesedenpanama.org\/index.php\/wp-json\/wp\/v2\/comments?post=3699"}],"version-history":[{"count":4,"href":"https:\/\/www.residentesedenpanama.org\/index.php\/wp-json\/wp\/v2\/pages\/3699\/revisions"}],"predecessor-version":[{"id":3716,"href":"https:\/\/www.residentesedenpanama.org\/index.php\/wp-json\/wp\/v2\/pages\/3699\/revisions\/3716"}],"wp:attachment":[{"href":"https:\/\/www.residentesedenpanama.org\/index.php\/wp-json\/wp\/v2\/media?parent=3699"}],"curies":[{"name":"wp","href":"https:\/\/api.w.org\/{rel}","templated":true}]}}