{"id":344,"date":"2017-06-02T01:33:27","date_gmt":"2017-06-02T01:33:27","guid":{"rendered":"http:\/\/residentesedenpanama.000webhostapp.com\/?page_id=344"},"modified":"2017-06-06T11:26:54","modified_gmt":"2017-06-06T11:26:54","slug":"limitacion-de-responsabilidad-y-condiciones-de-uso","status":"publish","type":"page","link":"https:\/\/www.residentesedenpanama.org\/index.php\/limitacion-de-responsabilidad-y-condiciones-de-uso\/","title":{"rendered":"Limitaci\u00f3n de Responsabilidad y Condiciones de Uso."},"content":{"rendered":"<h3>Limitaci\u00f3n de Responsabilidad<\/h3>\n<p>Este sitio se entiende como un medio de comunicaci\u00f3n adicional de los habitantes del residencial Ed\u00e9n de Arraij\u00e1n, Juan Dem\u00f3stenes Arosemena, Panam\u00e1. La participaci\u00f3n del residente en el mismo es voluntaria y enteramente sujeto a discreci\u00f3n personal, y su funcionamiento estar\u00e1 regulado por una comisi\u00f3n provisional de publicaciones compuesta por residentes interesados inicialmente, y posteriormente por la Junta de Desarrollo Local una vez esta se conforme.<\/p>\n<p>Ni la Junta de Desarrollo Local ni ninguna persona vinculada a la creaci\u00f3n, producci\u00f3n o desarrollo de este sitio, los cuales denominaremos de ahora en adelante los administradores, ser\u00e1 responsable por:<\/p>\n<ol>\n<li><em>Errores en la publicaci\u00f3n<\/em>. Los administradores realizar\u00e1n esfuerzos razonables para mantener el sitio actualizado y con informaci\u00f3n precisa, pero no pueden garantizar que dicha informaci\u00f3n sea absolutamente veraz, por lo que no asumen responsabilidad por errores u omisiones en las p\u00e1ginas y se reservan el derecho a realizar modificaciones cuando lo estimen conveniente.<\/li>\n<li><em>Ataques de terceros<\/em>. Queda a exclusivo riesgo de los visitantes y\/o usuarios, el uso de este sitio, los administradores no se responsabilizan de ning\u00fan da\u00f1o que se derive del uso o incapacidad de uso del mismo.<\/li>\n<li><em>Fallas t\u00e9cnicas<\/em>.\u00a0 Los administradores, no ser\u00e1n responsables por omisiones, errores, interrupciones, defectos, eliminaciones, retrasos de funcionamiento o trasmisi\u00f3n, fallas en la l\u00ednea de comunicaci\u00f3n, destrucci\u00f3n, robo, acceso no autorizado o alteraci\u00f3n del acceso al sitio del usuario.<\/li>\n<li><em>Transacciones que se deriven del uso del sitio<\/em>. Los administradores, no asumen ninguna responsabilidad sobre las transacciones comerciales que se deriven del uso de este sitio, que ser\u00e1n siempre operaciones entre un comprador y un vendedor donde los administradores, son un tercero ajeno a dichas transacciones. El uso dado por visitantes o usuarios nunca se interpretar\u00e1 como alg\u00fan tipo de contrato de sociedad, mandato o agencia o que de alg\u00fan modo genere alg\u00fan tipo de relaci\u00f3n con los\u00a0 administradores.<\/li>\n<\/ol>\n<h3>Condiciones de Uso<\/h3>\n<p>El usuario y\/o visitante de este sitio, est\u00e1 obligado a:<\/p>\n<ol>\n<li>Hacer un uso responsable y l\u00edcito del sitio web y de los contenidos mostrados en el mismo.\u00a0 Adem\u00e1s, el usuario reconoce ser mayor de dieciocho (18) a\u00f1os y acepta que el acceso y uso del Sitio web y\/o de los contenidos incluidos en el mismo tiene lugar libre y conscientemente, bajo su exclusiva responsabilidad.<\/li>\n<li>No introducir, almacenar o difundir en el sitio, cualquier informaci\u00f3n o material que sea injurioso, difamatorio, amenazador, obsceno, xen\u00f3fobo, pornogr\u00e1fico, terrorista, que incite a la violencia a la discriminaci\u00f3n por raz\u00f3n de raza, sexo, ideolog\u00eda, religi\u00f3n o que de cualquier forma, atente contra los derechos fundamentales, libertades ciudadanas, la intimidad, honor, la imagen de terceros y en general las normas establecidas por la ley.<\/li>\n<li>No introducir, almacenar o difundir mediante este sitio, ning\u00fan programa inform\u00e1tico, datos, virus, c\u00f3digo o cualquier otro instrumento o dispositivo electr\u00f3nico o f\u00edsico que cause da\u00f1o en el funcionamiento del sitio, equipos o servicios relacionados.<\/li>\n<li>No recolectar informaci\u00f3n de los usuarios con fines comerciales fuera de lo establecido expresamente en el sitio.<\/li>\n<li>No destruir, alterar, inutilizar o da\u00f1ar la informaci\u00f3n o programas electr\u00f3nicos que se incluyan en el sitio.<\/li>\n<li>No introducir, almacenar o difundir mediante el sitio web cualquier contenido que infrinja las normas de propiedad intelectual, industrial o derechos de terceros.<\/li>\n<li>Las opiniones publicadas en este sitio son exclusiva responsabilidad de sus autores, por lo que los administradores no se responsabilizan de ninguna forma por los mismos.<\/li>\n<\/ol>\n<p>Al utilizar este sitio, usted acepta haber le\u00eddo y estar de acuerdo con las\u00a0 condiciones expuestas, de discrepar con todas o partes de las mismas, usted deber\u00e1 abandonar inmediatamente este sitio, y no utilizarlo en adelante.<\/p>\n","protected":false},"excerpt":{"rendered":"<p>Limitaci\u00f3n de Responsabilidad Este sitio se entiende como un medio de comunicaci\u00f3n adicional de los habitantes del residencial Ed\u00e9n de Arraij\u00e1n, Juan Dem\u00f3stenes Arosemena, Panam\u00e1. La participaci\u00f3n del residente en el mismo es voluntaria y enteramente sujeto a discreci\u00f3n personal, y su funcionamiento estar\u00e1 regulado por una comisi\u00f3n provisional de publicaciones compuesta por residentes interesados [&hellip;]<\/p>\n","protected":false},"author":38,"featured_media":0,"parent":0,"menu_order":0,"comment_status":"closed","ping_status":"closed","template":"","meta":[],"_links":{"self":[{"href":"https:\/\/www.residentesedenpanama.org\/index.php\/wp-json\/wp\/v2\/pages\/344"}],"collection":[{"href":"https:\/\/www.residentesedenpanama.org\/index.php\/wp-json\/wp\/v2\/pages"}],"about":[{"href":"https:\/\/www.residentesedenpanama.org\/index.php\/wp-json\/wp\/v2\/types\/page"}],"author":[{"embeddable":true,"href":"https:\/\/www.residentesedenpanama.org\/index.php\/wp-json\/wp\/v2\/users\/38"}],"replies":[{"embeddable":true,"href":"https:\/\/www.residentesedenpanama.org\/index.php\/wp-json\/wp\/v2\/comments?post=344"}],"version-history":[{"count":9,"href":"https:\/\/www.residentesedenpanama.org\/index.php\/wp-json\/wp\/v2\/pages\/344\/revisions"}],"predecessor-version":[{"id":422,"href":"https:\/\/www.residentesedenpanama.org\/index.php\/wp-json\/wp\/v2\/pages\/344\/revisions\/422"}],"wp:attachment":[{"href":"https:\/\/www.residentesedenpanama.org\/index.php\/wp-json\/wp\/v2\/media?parent=344"}],"curies":[{"name":"wp","href":"https:\/\/api.w.org\/{rel}","templated":true}]}}